{"id":810,"date":"2012-03-01T00:00:45","date_gmt":"2012-02-29T23:00:45","guid":{"rendered":"http:\/\/einstein-buchau.de\/?page_id=810"},"modified":"2022-11-29T22:56:57","modified_gmt":"2022-11-29T21:56:57","slug":"kontakt","status":"publish","type":"page","link":"https:\/\/www.einstein.de\/?page_id=810","title":{"rendered":"Kontakt"},"content":{"rendered":"\n<p>Gabriele Einstein<br \/>Karlstr. 3<br \/>DE-88422 Bad Buchau<\/p>\n\n\n\n<p>Telefon: +49 (0)7582 \/ 571<br \/>E-Mail: <a href=\"mailto:gabriele@einstein.de\">gabriele@einstein.de<\/a><br \/>Internet: www.einstein.de<\/p>\n\n\n\n<div style=\"position: relative; float: right;\"><!-- Facebook Badge START -->\n<a title=\"Gabriele Einstein\" href=\"https:\/\/www.facebook.com\/gabriele.einstein\" target=\"_BLANK\" rel=\"noopener noreferrer\"><img decoding=\"async\" class=\"img\" style=\"border: 0px;\" src=\"https:\/\/badge.facebook.com\/badge\/100010184011749.11034.1875491592.png\" alt=\"\"\/><\/a>\n<!-- Facebook Badge END --><\/div>\n\n\n\n<p><iframe loading=\"lazy\" style=\"border: 0;\" src=\"https:\/\/www.google.com\/maps\/embed?pb=!1m14!1m8!1m3!1d341464.45019430766!2d9.491466576448987!3d48.038994134456914!3m2!1i1024!2i768!4f13.1!3m3!1m2!1s0x479bcb9d1c21ca5b%3A0x157410619ad048f!2sKarlstra%C3%9Fe+3%2C+88422+Bad+Buchau!5e0!3m2!1sde!2sde!4v1412118218872\" width=\"600\" height=\"450\" frameborder=\"0\"><\/iframe><\/p>\n\n\n\n<p><strong>Atelier<\/strong><br \/>Karlstr. 3<br \/>DE-88422 Bad Buchau<\/p>\n\n\n\n<hr class=\"wp-block-separator has-css-opacity\"\/>\n\n\n\n<p><strong><span style=\"color: #808080; font-size: smaller;\">Haftung f\u00fcr Inhalte<\/span><\/strong><br \/><span style=\"color: #808080; font-size: smaller;\">Als Diensteanbieter sind wir gem\u00e4\u00df \u00a7 7 Abs.1 TMG f\u00fcr eigene Inhalte auf diesen Seiten nach den allgemeinen Gesetzen verantwortlich. Nach \u00a7\u00a7 8 bis 10 TMG sind wir als Diensteanbieter jedoch nicht verpflichtet, \u00fcbermittelte oder gespeicherte fremde Informationen zu \u00fcberwachen oder nach Umst\u00e4nden zu forschen, die auf eine rechtswidrige T\u00e4tigkeit hinweisen. Verpflichtungen zur Entfernung oder Sperrung der Nutzung von Informationen nach den allgemeinen Gesetzen bleiben hiervon unber\u00fchrt. Eine diesbez\u00fcgliche Haftung ist jedoch erst ab dem Zeitpunkt der Kenntnis einer konkreten Rechtsverletzung m\u00f6glich. Bei Bekanntwerden von entsprechenden Rechtsverletzungen werden wir diese Inhalte umgehend entfernen.<\/span><\/p>\n\n\n\n<p><strong><span style=\"color: #808080; font-size: smaller;\">Haftung f\u00fcr Links<\/span><\/strong><br \/><span style=\"color: #808080; font-size: smaller;\">Unser Angebot enth\u00e4lt Links zu externen Webseiten Dritter, auf deren Inhalte wir keinen Einfluss haben. Deshalb k\u00f6nnen wir f\u00fcr diese fremden Inhalte auch keine Gew\u00e4hr \u00fcbernehmen. F\u00fcr die Inhalte der verlinkten Seiten ist stets der jeweilige Anbieter oder Betreiber der Seiten verantwortlich. Die verlinkten Seiten wurden zum Zeitpunkt der Verlinkung auf m\u00f6gliche Rechtsverst\u00f6\u00dfe \u00fcberpr\u00fcft. Rechtswidrige Inhalte waren zum Zeitpunkt der Verlinkung nicht erkennbar. Eine permanente inhaltliche Kontrolle der verlinkten Seiten ist jedoch ohne konkrete Anhaltspunkte einer Rechtsverletzung nicht zumutbar. Bei Bekanntwerden von Rechtsverletzungen werden wir derartige Links umgehend entfernen.<\/span><\/p>\n\n\n\n<p><strong><span style=\"color: #808080; font-size: smaller;\">Urheberrecht<\/span><\/strong><br \/><span style=\"color: #808080; font-size: smaller;\">Die durch die Seitenbetreiber erstellten Inhalte und Werke auf diesen Seiten unterliegen dem deutschen Urheberrecht. Die Vervielf\u00e4ltigung, Bearbeitung, Verbreitung und jede Art der Verwertung au\u00dferhalb der Grenzen des Urheberrechtes bed\u00fcrfen der schriftlichen Zustimmung des jeweiligen Autors bzw. Erstellers. Downloads und Kopien dieser Seite sind nur f\u00fcr den privaten, nicht kommerziellen Gebrauch gestattet. Soweit die Inhalte auf dieser Seite nicht vom Betreiber erstellt wurden, werden die Urheberrechte Dritter beachtet. Insbesondere werden Inhalte Dritter als solche gekennzeichnet. Sollten Sie trotzdem auf eine Urheberrechtsverletzung aufmerksam werden, bitten wir um einen entsprechenden Hinweis. Bei Bekanntwerden von Rechtsverletzungen werden wir derartige Inhalte umgehend entfernen.<\/span><\/p>\n\n\n\n<p><strong><span style=\"color: #808080; font-size: smaller;\">Eingebettete Inhalte von anderen Websites<\/span><\/strong><br \/><span style=\"color: #808080; font-size: smaller;\">Beitr\u00e4ge auf dieser Website k\u00f6nnen eingebettete Inhalte beinhalten (z.&nbsp;B. Videos, Bilder, Beitr\u00e4ge etc.). Eingebettete Inhalte von anderen Websites verhalten sich exakt so, als ob der Besucher die andere Website besucht h\u00e4tte.<br \/>Diese Websites k\u00f6nnen Daten \u00fcber den Benutzer sammeln, Cookies benutzen, zus\u00e4tzliche Tracking-Dienste von Dritten einbetten und eine Interaktion mit diesem eingebetteten Inhalt aufzeichnen, inklusive der Interaktion mit dem eingebetteten Inhalt, falls ein Konto existiert und der Benutzer auf dieser Website angemeldet ist.\n<\/span><\/p>\n","protected":false},"excerpt":{"rendered":"<p>Gabriele EinsteinKarlstr. 3DE-88422 Bad Buchau Telefon: +49 (0)7582 \/ 571E-Mail: gabriele@einstein.deInternet: www.einstein.de AtelierKarlstr. 3DE-88422 Bad Buchau Haftung f\u00fcr InhalteAls Diensteanbieter sind wir gem\u00e4\u00df \u00a7 7 Abs.1 TMG f\u00fcr eigene Inhalte auf diesen Seiten nach den allgemeinen Gesetzen verantwortlich. Nach \u00a7\u00a7 8 bis 10 TMG sind wir als Diensteanbieter jedoch nicht verpflichtet, \u00fcbermittelte oder gespeicherte fremde &hellip; <\/p>\n<p class=\"link-more\"><a href=\"https:\/\/www.einstein.de\/?page_id=810\" class=\"more-link\"><span class=\"screen-reader-text\">\u201eKontakt\u201c <\/span>weiterlesen<\/a><\/p>\n","protected":false},"author":1,"featured_media":0,"parent":0,"menu_order":0,"comment_status":"closed","ping_status":"closed","template":"","meta":{"footnotes":""},"class_list":["post-810","page","type-page","status-publish","hentry"],"_links":{"self":[{"href":"https:\/\/www.einstein.de\/index.php?rest_route=\/wp\/v2\/pages\/810","targetHints":{"allow":["GET"]}}],"collection":[{"href":"https:\/\/www.einstein.de\/index.php?rest_route=\/wp\/v2\/pages"}],"about":[{"href":"https:\/\/www.einstein.de\/index.php?rest_route=\/wp\/v2\/types\/page"}],"author":[{"embeddable":true,"href":"https:\/\/www.einstein.de\/index.php?rest_route=\/wp\/v2\/users\/1"}],"replies":[{"embeddable":true,"href":"https:\/\/www.einstein.de\/index.php?rest_route=%2Fwp%2Fv2%2Fcomments&post=810"}],"version-history":[{"count":45,"href":"https:\/\/www.einstein.de\/index.php?rest_route=\/wp\/v2\/pages\/810\/revisions"}],"predecessor-version":[{"id":2345,"href":"https:\/\/www.einstein.de\/index.php?rest_route=\/wp\/v2\/pages\/810\/revisions\/2345"}],"wp:attachment":[{"href":"https:\/\/www.einstein.de\/index.php?rest_route=%2Fwp%2Fv2%2Fmedia&parent=810"}],"curies":[{"name":"wp","href":"https:\/\/api.w.org\/{rel}","templated":true}]}}